False
Is 9 a factor of 843390?
True
Does 17 divide 162520?
True
Does 16 divide 11173?
False
Does 16 divide 1038573?
False
Is 741646 a multiple of 50?
False
Is 77 a factor of 26275095?
True
Does 1249 divide 894217?
False
Is 7084160 a multiple of 64?
True
Is 187 a factor of 1792395?
True
Does 145 divide 60193?
False
Is 122 a factor of 56120?
True
Is 213 a factor of 1807944?
True
Is 11440 a multiple of 78?
False
Is 22 a factor of 3801143?
False
Is 37 a factor of 90445?
False
Is 19575 a multiple of 69?
False
Does 132 divide 5838101?
False
Is 9980288 a multiple of 206?
True
Is 22 a factor of 690813?
False
Is 498704 a multiple of 71?
True
Is 87246 a multiple of 6?
True
Does 1497 divide 6525423?
True
Is 44 a factor of 111304?
False
Is 1323850 a multiple of 14?
False
Is 1237 a factor of 5759472?
True
Does 218 divide 505647?
False
Is 572 a factor of 1074216?
True
Does 145 divide 2284185?
True
Is 308 a factor of 628081?
False
Is 2540212 a multiple of 23?
True
Does 29 divide 6439508?
True
Is 405008 a multiple of 10?
False
Is 82 a factor of 844518?
True
Is 46 a factor of 1881906?
True
Is 51 a factor of 2145417?
True
Is 1083920 a multiple of 170?
True
Does 65 divide 1392065?
False
Is 2 a factor of 88789?
False
Is 30 a factor of 12420?
True
Is 134220 a multiple of 46?
False
Is 281 a factor of 1203523?
True
Is 11 a factor of 161490?
False
Is 158512 a multiple of 16?
True
Does 196 divide 1388996?
False
Is 35988 a multiple of 7?
False
Does 25 divide 16475?
True
Is 315 a factor of 3524220?
True
Is 6 a factor of 13548?
True
Is 171382 a multiple of 380?
False
Does 7 divide 8932?
True
Does 87 divide 6144491?
False
Does 23 divide 35932059?
False
Is 6 a factor of 251720?
False
Does 1802 divide 3341164?
False
Is 76 a factor of 455392?
True
Is 124 a factor of 675552?
True
Is 37 a factor of 861777?
False
Is 380 a factor of 402727?
False
Is 117 a factor of 2241051?
False
Is 7 a factor of 135758?
True
Is 2410 a multiple of 250?
False
Does 277 divide 4893266?
False
Is 151 a factor of 460133?
False
Does 37 divide 24568?
True
Is 535556 a multiple of 124?
True
Is 145 a factor of 777288?
False
Is 416 a factor of 278720?
True
Is 438 a multiple of 22?
False
Is 791376 a multiple of 12?
True
Does 18 divide 42546?
False
Does 115 divide 4936708?
False
Does 250 divide 145250?
True
Is 342016 a multiple of 4?
True
Does 14 divide 107548?
True
Does 13 divide 767405?
False
Is 599960 a multiple of 20?
True
Is 11 a factor of 19001389?
True
Is 23298558 a multiple of 282?
True
Does 461 divide 26256716?
True
Does 53 divide 863794?
True
Does 203 divide 1163047?
False
Is 207422 a multiple of 74?
True
Is 66510 a multiple of 10?
True
Does 37 divide 73482?
True
Does 147 divide 6171279?
False
Is 11 a factor of 356664?
True
Is 1232 a factor of 18194322?
False
Does 112 divide 341217?
False
Is 28 a factor of 17948?
True
Is 252 a factor of 9779034?
False
Is 903 a factor of 1041159?
True
Is 72255 a multiple of 15?
True
Is 55 a factor of 83160?
True
Does 33 divide 6639786?
False
Is 1971516 a multiple of 114?
True
Is 50 a factor of 155400?
True
Is 530736 a multiple of 24?
True
Is 138 a factor of 239568?
True
Is 82 a factor of 180155?
False
Does 281 divide 71306?
False
Is 891 a factor of 983015?
False
Does 2077 divide 11006023?
True
Is 48 a factor of 4608?
True
Is 356655 a multiple of 5?
True
Is 80944 a multiple of 261?
False
Is 1852305 a multiple of 805?
True
Is 129550 a multiple of 25?
True
Is 34 a factor of 15149482?
True
Is 7 a factor of 5059376?
True
Is 2 a factor of 2568942?
True
Is 157505 a multiple of 85?
True
Does 25 divide 22065750?
True
Is 147188 a multiple of 124?
True
Does 11 divide 43615?
True
Is 21800 a multiple of 25?
True
Does 81 divide 74162?
False
Does 45 divide 184564?
False
Is 4066889 a multiple of 181?
True
Does 212 divide 58242?
False
Is 11037749 a multiple of 65?
False
Is 14 a factor of 672761?
False
Is 50133 a multiple of 51?
True
Is 108 a factor of 66393?
False
Does 16 divide 5071488?
True
Is 103804 a multiple of 4?
True
Is 286250 a multiple of 229?
True
Is 1071 a factor of 2168256?
False
Is 187657 a multiple of 24?
False
Does 54 divide 648?
True
Is 14 a factor of 5001568?
False
Does 75 divide 391614?
False
Is 219 a factor of 547794?
False
Is 941907 a multiple of 23?
False
Does 6 divide 791082?
True
Is 1328318 a multiple of 167?
True
Is 33 a factor of 2650062?
False
Does 130 divide 1431663?
False
Is 33 a factor of 249810?
True
Is 6080552 a multiple of 1304?
True
Does 744 divide 1643496?
True
Does 76 divide 696692?
True
Is 25 a factor of 76575?
True
Is 24589541 a multiple of 259?
False
Is 1105763 a multiple of 191?
False
Is 83959 a multiple of 79?
False
Is 709655 a multiple of 111?
False
Is 88 a factor of 22880?
True
Is 890514 a multiple of 162?
True
Is 34 a factor of 97067?
False
Is 701104 a multiple of 1000?
False
Does 24 divide 541538?
False
Is 762 a factor of 4917948?
True
Is 2893340 a multiple of 689?
False
Does 114 divide 2740104?
True
Is 13253305 a multiple of 550?
False
Is 47 a factor of 8402331?
True
Is 17 a factor of 164978?
False
Is 8 a factor of 152352?
True
Is 298688 a multiple of 10?
False
Is 8 a factor of 654864?
True
Is 97 a factor of 281504?
False
Is 41223 a multiple of 60?
False
Does 120 divide 298440?
True
Is 484972 a multiple of 138?
False
Does 17 divide 8401876?
True
Is 13 a factor of 387335?
True
Is 2 a factor of 63?
False
Is 1744904 a multiple of 7?
True
Is 71848 a multiple of 37?
False
Is 90 a factor of 3330090?
True
Is 1490110 a multiple of 171?
False
Is 358 a factor of 430624?
False
Does 76 divide 9294268?
True
Is 37 a factor of 101047?
True
Is 41020 a multiple of 28?
True
Does 23 divide 937903?
False
Is 11 a factor of 3184771?
False
Is 48103 a multiple of 11?
True
Is 116052 a multiple of 6?
True
Is 111552 a multiple of 1059?
False
Is 14 a factor of 480625?
False
Does 27 divide 1422684?
True
Does 1587 divide 6082971?
True
Is 56 a factor of 595448?
True
Is 72 a factor of 3037?
False
Is 411 a factor of 7552578?
False
Is 49 a factor of 41013?
True
Does 100 divide 37052?
False
Is 1435 a factor of 2353520?
False
Is 451 a factor of 125378?
True
Is 133147 a multiple of 246?
False
Is 14 a factor of 637532?
True
Does 3 divide 123467?
False
Is 7 a factor of 103418?
True
Is 21576450 a multiple of 42?
True
Is 13 a factor of 127777?
True
Is 292 a factor of 1081364?
False
Is 7 a factor of 305977?
True
Is 17 a factor of 1658707?
True
Does 107 divide 4308890?
True
Is 350 a factor of 12623583?
False
Is 3 a factor of 94251?
True
Does 22 divide 2431963?
False
Is 24 a factor of 4177224?
True
Is 6 a factor of 412448?
False
Does 53 divide 3405250?
True
Is 10 a factor of 377021?
False
Is 53 a factor of 8049110?
True
Is 270 a factor of 40230?
True
Is 8 a factor of 7315534?
False
Is 116105 a multiple of 5?
True
Is 313 a factor of 542693?
False
Does 185 divide 61611?
False
Does 29 divide 325873?
True
Is 38 a factor of 299554?
True
Is 10133520 a multiple of 20?
True
Does 1280 divide 4056320?
True
Is 14 a factor of 144368?
True
Is 225000 a multiple of 90?
True
Is 246096 a multiple of 449?
False
Is 9 a factor of 25413?
False
Is 4625208 a multiple of 98?
True
Does 11 divide 227733?
True
Is 10224283 a multiple of 134?
False
Is 25200 a multiple of 140?
True
Does 15 divide 335160?
True
Is 6 a factor of 1226088?
True
Is 200638 a multiple of 19?
False
Is 26 a factor of 1101256?
True
Is 13469 a multiple of 11?
False
Is 10237 a multiple of 33?
False
Is 13 a factor of 1964941?
False
Does 8 divide 3476504?
True
Is 569 a factor of 992336?
True
Is 43 a factor of 803844?
False
Is 9 a factor of 1100412?
True
Does 30 divide 195187?
False
Is 58 a factor of 2348155?
False
Is 3 a factor of 1109355?
True
Does 40 divide 615680?
True
Is 840 a factor of 6279029?
False
Is 62 a factor of 159340?
True
Does 5 divide 83307?
False
Is 183 a factor of 918111?
True
Does 107 divide 2176750?
False
Is 16 a factor of 337556?
False
Is 7793807 a multiple of 7?
True
Is 38 a factor of 1727860?
True
Does 14 divide 10668?
True
Does 474 divide 66722?
False
Is 517 a factor of 860950?
False
Does 28 divide 117264?
True
Is 1398927 a multiple of 189?
False
Is 68 a factor of 401289?
False
Is 3 a factor of 466512?
True
Is 67250 a multiple of 250?
True
Is 232166 even?
True
Is 33 a factor of 3496327?
False
Does 128 divide 891371?